t is -22 - 2521?
-2543
In base 5, what is -22130 - 23?
-22203
In base 3, what is 12212101 + 1202?
12221010
In base 12, what is 163 - -4b78?
511b
In base 11, what is -4 + -36251?
-36255
In base 16, what is 461e - 3?
461b
In base 14, what is 1 + 64a84?
64a85
In base 2, what is -11 - 10101001000100?
-10101001000111
In base 10, what is -116 - -2567?
2451
In base 8, what is -710234 + -5?
-710241
In base 4, what is 3 + -10230213?
-10230210
In base 2, what is -101 - -10000100001010110110?
10000100001010110001
In base 9, what is 10126 + 21?
10147
In base 3, what is -112 - -20101211111?
20101210222
In base 7, what is 5 - 1421024?
-1421016
In base 12, what is 3806 - -8?
3812
In base 12, what is -3b8 + ba?
-2ba
In base 14, what is c839 + -4?
c835
In base 14, what is -d6c - -4d?
-d1d
In base 15, what is -10eaeb + 4?
-10eae7
In base 7, what is -25424 - 254?
-26011
In base 9, what is 8526755 - 2?
8526753
In base 14, what is 4 - 828c9?
-828c5
In base 9, what is 30 - 3583?
-3553
In base 12, what is -458 - -729?
291
In base 3, what is -210120 - 1011?
-211201
In base 7, what is 3 - -650325?
650331
In base 2, what is 10011101001010000010 + 0?
10011101001010000010
In base 3, what is 2212 - -110200101?
110210020
In base 6, what is 1225 + -122?
1103
In base 2, what is -1000110 + 11001110111?
11000110001
In base 12, what is -266 - 36?
-2a0
In base 4, what is 30322 + -122210?
-31222
In base 3, what is -12110 - 220021022?
-220110202
In base 15, what is -eaeb + 2?
-eae9
In base 16, what is 26 + -229b?
-2275
In base 10, what is 51691 - 3?
51688
In base 7, what is 5 + -305524?
-305516
In base 12, what is -21 - -30a?
2a9
In base 16, what is de + -15c?
-7e
In base 3, what is 11020 + 120012110?
120100200
In base 7, what is 2 - -230465?
230500
In base 9, what is -62 + -230?
-302
In base 5, what is -44132 - 1413?
-101100
In base 2, what is -101010111101111101000 + -11?
-101010111101111101011
In base 3, what is -100 + -121022021?
-121022121
In base 12, what is 2545b6 - -1?
2545b7
In base 10, what is -4 + -115217?
-115221
In base 11, what is -6903a - 1?
-69040
In base 13, what is 1974 - 9?
1968
In base 2, what is 11000011110 - 100101?
10111111001
In base 16, what is 48b3d8 + 5?
48b3dd
In base 9, what is -1226 - 4?
-1231
In base 3, what is 101011201 - 12?
101011112
In base 14, what is -1931 - a?
-193b
In base 14, what is -5 - 1669?
-1670
In base 5, what is -4142341 + 2?
-4142334
In base 13, what is 9a8 - 28?
980
In base 15, what is -15a3 - -6?
-159c
In base 16, what is -152e - -7?
-1527
In base 6, what is 1022 + -1101?
-35
In base 2, what is 100010101011000 + 11001?
100010101110001
In base 12, what is -142 + -370?
-4b2
In base 10, what is -51975 + 15?
-51960
In base 11, what is -3 - 6038a?
-60392
In base 14, what is 357 + -74?
2c3
In base 5, what is 24013 + -2140?
21323
In base 4, what is -10 + -12231102?
-12231112
In base 14, what is 1a - -753?
76d
In base 9, what is 1852 + 23?
1875
In base 13, what is -b2 - 39?
-11b
In base 13, what is 5 - -28013?
28018
In base 4, what is 3 + -220303000?
-220302331
In base 12, what is -2507 - -56?
-2471
In base 11, what is -5 + 22460?
22456
In base 3, what is -11 - 110221011?
-110221022
In base 11, what is -255 - -12?
-243
In base 4, what is -3 + 131303110?
131303101
In base 9, what is -28578 - -2?
-28576
In base 16, what is 1240 + -18?
1228
In base 15, what is -4c - 10638?
-10685
In base 14, what is -4aa - 7?
-4b3
In base 8, what is 466 + 123?
611
In base 4, what is -33 - -302130331?
302130232
In base 14, what is 12c - -57?
185
In base 14, what is -546c + -6?
-5474
In base 13, what is -2 - 49c8?
-49ca
In base 8, what is 225765 - 0?
225765
In base 16, what is 4355 + -11?
4344
In base 6, what is -1455140 + 0?
-1455140
In base 11, what is 113a7 - 0?
113a7
In base 3, what is 100021200010 - -10?
100021200020
In base 11, what is -5 + 3713?
3709
In base 6, what is -1042 - 32?
-1114
In base 6, what is -34 + 3554?
3520
In base 15, what is -477 - -5dd?
166
In base 6, what is -234 + -1530?
-2204
In base 3, what is -10 - 2200122122?
-2200122202
In base 10, what is 4 - 668404?
-668400
In base 8, what is -55 - 21370?
-21445
In base 6, what is -215 - 4243?
-4502
In base 11, what is 2 + -121646?
-121644
In base 6, what is -22415 - 1?
-22420
In base 12, what is 8a97 + -b?
8a88
In base 15, what is -4137 - 4?
-413b
In base 13, what is -6 + -18414?
-1841a
In base 12, what is 1a81 + 11b7?
3078
In base 6, what is 3 + 12401441?
12401444
In base 6, what is 1144 + 12452?
14040
In base 9, what is -2405 - 4?
-2410
In base 16, what is -5 + -26bb?
-26c0
In base 16, what is -4 - -1bf74?
1bf70
In base 3, what is 0 - -1120012020?
1120012020
In base 8, what is 4 - -7566?
7572
In base 11, what is -4 + -7855?
-7859
In base 13, what is -54 - 2c98?
-301c
In base 8, what is 1 + 667237?
667240
In base 14, what is -227c + -81?
-231d
In base 14, what is 1107 + -66?
1081
In base 13, what is -3b5766 - 4?
-3b576a
In base 14, what is -355 + 5?
-350
In base 2, what is 1010110011 + -11101101101?
-10010111010
In base 6, what is 0 + -55151?
-55151
In base 2, what is 10 + -100100110101?
-100100110011
In base 14, what is -4 + 24c8?
24c4
In base 5, what is 42301114 - 2?
42301112
In base 11, what is 14 - -85887?
858a0
In base 11, what is -4 + -126873?
-126877
In base 16, what is -32c8 + -4?
-32cc
In base 13, what is -69b + 389?
-312
In base 8, what is -227 - -10107?
7660
In base 16, what is -6a51 - 3?
-6a54
In base 9, what is -11103 - -8?
-11084
In base 5, what is 13 + 2204300?
2204313
In base 14, what is b31 - -d?
b40
In base 2, what is -10011 - 1100001111?
-1100100010
In base 9, what is -122862 - 8?
-122871
In base 15, what is 1215b - -4?
12160
In base 13, what is 3 + -5351?
-534b
In base 12, what is 89 - -31a?
3a7
In base 8, what is 222 + 2133?
2355
In base 16, what is 10c2 + -4?
10be
In base 5, what is -1123 + 11310?
10132
In base 14, what is 943 + 113?
a56
In base 4, what is 102300 + 120?
103020
In base 15, what is da + 28?
113
In base 11, what is 4 + 23a32?
23a36
In base 4, what is 2230133 + -3012?
2221121
In base 8, what is -1 + -1306?
-1307
In base 10, what is -4878 + 66?
-4812
In base 10, what is -139 + 92?
-47
In base 4, what is -3200122 - 2200?
-3202322
In base 14, what is 4302 + 2?
4304
In base 14, what is -4 - -1968?
1964
In base 15, what is -486 - 4?
-48a
In base 6, what is -513 + 42021?
41104
In base 10, what is -72718 + 0?
-72718
In base 14, what is 34 - 198?
-164
In base 8, what is -102420 - 10?
-102430
In base 6, what is 4 - 23221513?
-23221505
In base 10, what is -53 + -15300?
-15353
In base 4, what is 201020311 + 3?
201020320
In base 12, what is -2a5 + 292?
-13
In base 13, what is 1 - 4780?
-477c
In base 11, what is -175 + -6a3?
-868
In base 2, what is 11110000101 + 110?
11110001011
In base 16, what is -d + ef0d?
ef00
In base 6, what is 2120 - -32?
2152
In base 4, what is 332 + -111223?
-110231
In base 11, what is 209656 + 4?
20965a
In base 15, what is -4534 + -7?
-453b
In base 6, what is -34344 + 1?
-34343
In base 14, what is -4 + 228?
224
In base 15, what is 19e7 - -5?
19ec
In base 11, what is 558203 + -1?
558202
In base 16, what is -2651f - 2?
-26521
In base 6, what is 54423 + -2?
54421
In base 9, what is 86 + -4732?
-4635
In base 3, what is 122202 + -12102012?
-11202110
In base 7, what is -24 + -311?
-335
In base 12, what is 4 - -79a0b4?
79a0b8
In base 6, what is 33132 - 3?
33125
In base 4, what is 3 - 112230003?
-112230000
In base 5, what is 3 + -402030?
-402022
In base 9, what is -44 + 303?
248
In base 10, what is -8 - 49676?
-49684
In base 10, what is 29 + -1174?
-1145
In base 13, what is 25278 - 7?
25271
In base 7, what is 0 - -1524251?
1524251
In base 12, what is 9 - 129044?
-129037
In base 3, what is -220 + 20011120?
20010200
In base 16, what is -7dc - -9d?
-73f
In base 6, what is -353532 - -1?
-353531
In base 6, what is -105000 + -10?
-105010
In base 2, what is 1100011100011 + -1010011?
1100010010000
In base 13, what is 1 - 684?
-683
In base 10, what is 3299 - -18?
3317
In base 10, what is 322218 + 5?
322223
In base 8, what is -4 + 740022?
740016
In base 15, what is -10 + -32546?
-32556
In base 6, what is 2225120 + 2?
2225122
In base 8, what is -244 - -4112?
3646
In base 10, what is -23 - 2392?
-2415
In base 10, what is -263 - 7234?
-7497
In base 7, what is -